 0, -4*g + 3*p + 26 = p. Suppose 5 = -4*f + g*f. Let j = f + -1. What is the remainder when 10 is divided by j?
2
Suppose 3*i = -3*l + 1674, -8*i + 9*i = 4*l + 543. Suppose -7*k + 68 + i = 0. Calculate the remainder when k is divided by 7.
5
Let b(c) = 19*c + 902. What is the remainder when 145 is divided by b(-44)?
13
Let j = -13 - -25. Let r be (j/(-4) - -3)/3. Let w(m) = m**3 - m**2 + m + 9. Calculate the remainder when 33 is divided by w(r).
6
Let l(j) = -2*j - 3 - 4 - 4 - 3. Calculate the remainder when l(-11) is divided by 2.
0
Suppose -g = -5*s - 16 - 8, 0 = 4*g - 4*s - 160. Suppose -13*h = 6*h - 437. Calculate the remainder when g is divided by h.
21
Let r(p) = -p**3 - 6*p**2 + 6*p + 2. Let n(l) = 6*l**2 + l + 1. Let g be n(-1). Let v(c) = c**2 - 3. Calculate the remainder when v(g) is divided by r(-7).
6
Suppose -7 = -5*n + 2*j + 3, -5*n = -3*j - 15. Let q(f) = f**3 - f + 10. What is the remainder when q(n) is divided by 6?
4
Let g(m) = 4*m + 20. Let r be g(16). Let s = r + -60. What is the remainder when 95 is divided by s?
23
Let h(x) = -3*x - 5. Let r be h(-7). Suppose 286 - r = 6*t. What is the remainder when 132 is divided by t?
42
Suppose -319 = -138*v + 109*v. Calculate the remainder when 109 is divided by v.
10
Let d be (-4)/((-16)/284) - 4. Suppose 61 + d = 4*j. Calculate the remainder when 93 is divided by j.
29
Let a(h) = 4*h**3 - 2*h**2 - h + 1. Let l be a(1). Suppose 188 = 4*c + 4*t, 0 = 4*c + l*t - 62 - 116. What is the remainder when c is divided by 16?
10
Suppose 0 = 4*j - 61 - 19. Let s(c) = -5*c - 1. Let v be s(-6). Let u = v - j. What is the remainder when u is divided by 3?
0
Suppose 0*n + 5*n = 155. Let x be 144/30*(-2 - 26/(-3)). Calculate the remainder when x + 27 - -2*1 is divided by n.
30
Let q(x) = x**3 - 11*x**2 - 72*x + 53. What is the remainder when (-242)/(-10) - 1/5 is divided by q(-5)?
11
Let p be (-1)/3*-6*2. Suppose 3*k = p*k - 113. Suppose -3*r = -k - 37. Calculate the remainder when r is divided by 13.
11
Let d(u) = u**2 - 6*u + 8. Suppose 18 + 10 = 7*g. Let z be d(g). Suppose z = -3*x - 3, -3*x + 2*x + 111 = 4*y. Calculate the remainder when y is divided by 10.
8
Suppose -g - 2*o - 19 = 0, -3*g - 5*o = -5*g + 7. Let h = -7 - g. Suppose -2*j + 1 + 9 = 0. Calculate the remainder when j is divided by h.
1
Suppose 0 = -5*d - 0 - 10, 2*y - 20 = d. Suppose -2*j - 2*j - 65 = 5*s, -s + 3*j = -6. Let f = -5 - s. What is the remainder when y is divided by f?
1
Suppose -7 = 2*d - u - 2*u, 3*d - u = -21. Calculate the remainder when 2/d + (-164)/(-16) is divided by 5.
0
Suppose -15*p - 609 = -22*p. What is the remainder when p is divided by 11?
10
Let b(h) = 4*h**3 - 7*h**2 + 9*h - 3. Let v(o) = 5*o**3 - 7*o**2 + 10*o - 4. Let c(p) = -6*b(p) + 5*v(p). What is the remainder when 76 is divided by c(-7)?
24
Let q(v) = v + 3. Let y be q(-1). Let u(s) = s + 0*s**y - 3*s**2 - 1 - 8*s + 4*s**2. Calculate the remainder when u(8) is divided by 3.
1
Let f(s) = -2*s - 10. Let j be f(-6). Suppose -j*b + o = 6*o + 12, -2*b + 3*o - 12 = 0. Calculate the remainder when 1197/49 - b/(-14) is divided by 5.
4
Let q(y) be the first derivative of -y**4/4 + 25*y**3/3 - 11*y**2 + 15*y + 24. What is the remainder when q(24) is divided by 22?
19
Let d(h) be the third derivative of -h**4/8 - 7*h**3/2 + h**2. Let r = 373 + -390. Calculate the remainder when 119 is divided by d(r).
29
Suppose 8*v - 10*v = -32. What is the remainder when v is divided by 5?
1
Let f = 244 - 138. Let q be 2/8 - f/8. What is the remainder when 31 is divided by (34/8)/(q/(-52))?
14
Let t = 175 + -98. Let n(k) = -k**2 + 12*k - 11. Let r be n(13). Let l = 16 - r. What is the remainder when t is divided by l?
37
Let n(i) = i**2 + i + i - 4 + 0*i. Suppose 4*s - 5*y = -15 - 20, -3*s + y - 18 = 0. What is the remainder when 20 is divided by n(s)?
9
Suppose 6003 = 5*k + 1923. Let v be k/132 - (-4)/(-22). Let p = 6 + v. What is the remainder when 21 is divided by p?
9
Suppose 66 - 61 = c. Let l = 29 - c. What is the remainder when l is divided by 9?
6
Suppose 275 + 57 = 4*s. What is the remainder when 265 is divided by s?
16
Let y be (85/(-2))/(5/10) - -3. Let p = -81 - y. Calculate the remainder when 1 is divided by p.
0
Suppose -12 = 2*m - 4. Let v = m + 39. What is the remainder when v is divided by 21?
14
Suppose -m = -3*f + 287 + 80, -4*f + 3*m + 481 = 0. What is the remainder when f is divided by 42?
40
Suppose 5 = 5*x - m - 361, x - 86 = -3*m. Calculate the remainder when x is divided by 16.
10
Let r = 345 - 293. What is the remainder when r is divided by 31?
21
Let s be (-184)/(-10)*20/(-3 + 2). Suppose 2*a = 3*i + 10, -30 = -3*a - 3*i - 0*i. What is the remainder when ((-3 - -1) + 0)*s/32 is divided by a?
7
What is the remainder when 13 is divided by 65/15 + 6/9?
3
Let r(s) = s**2 + 5*s - 1. Let y = 66 - 22. What is the remainder when y is divided by r(-8)?
21
Suppose -2*c + 9 = i, -13 = -5*i + 2. Let s = -50 + 109. What is the remainder when s is divided by (-2 + 9 + c)*2?
19
Let q(k) = 22*k. Let w be q(1). Suppose 39*n - 37*n + 16 = 0. Calculate the remainder when -5*4/n*w is divided by 29.
26
Let x(h) = -2*h**3 - 82*h**2 - 23*h + 126. Calculate the remainder when x(-41) is divided by 51.
49
Suppose 50 = 116*w - 114*w. What is the remainder when 247 is divided by w?
22
Suppose 4*v + 7880 = -11000. Let q be (6/(-4))/((-10)/v). What is the remainder when ((-2)/6)/(4/q) is divided by 12?
11
Suppose 12 = -q - 3*l - 0*l, -4*q + 8 = -2*l. Suppose q*y - 84 = -2*y. What is the remainder when 125 is divided by y?
41
Let j = 53 - 38. Let u = -42 - -84. What is the remainder when u is divided by j?
12
Suppose 271*c = 274*c - 45. What is the remainder when 103 is divided by c?
13
Let m = -1350 + 2068. What is the remainder when m is divided by 24?
22
Let r(t) = t**3 + t**2 - 2*t + 3. Suppose -17*z + z = 0. What is the remainder when 12 is divided by r(z)?
0
What is the remainder when 49 is divided by ((-30)/21)/((-2)/14)?
9
Calculate the remainder when ((-54)/54 - (0 + 5))/(-2) is divided by (-1)/((-2)/((-8)/(-2))).
1
What is the remainder when ((-29)/2 - 1)*(5 + -15) is divided by 6?
5
Suppose 7*l + 7*l = 168. Calculate the remainder when 1137 is divided by l.
9
What is the remainder when 94 is divided by 105/(-10)*((-18)/21 + -2)?
4
Let t be -1 + -2 - (-10 + 4). Let h be 1*(-1)/t*0. Suppose -3*k = -h - 12. Calculate the remainder when k is divided by 2.
0
Calculate the remainder when 1558 is divided by -52*((-210)/(-40) + -6).
37
Suppose 4*w = 2*w + 6. Suppose -5*c + 2*b + 109 = 0, -b - 61 = -w*c - 2*b. What is the remainder when 80 is divided by c?
17
Let y(i) = i - 5. Let p(v) = -2*v + 3. Let d be p(-5). What is the remainder when (-6)/(-9)*45/(-10)*-7 is divided by y(d)?
5
Suppose -5*q = -3*a + 16, 0*a = -a - 2*q - 2. Suppose -3*i + 23 = 4*y, -i - 3*y + a*y = -6. Let t = i + 32. Calculate the remainder when t is divided by 12.
9
Suppose 5*q - 37 = -17. What is the remainder when 119 is divided by (-122)/(-4) - (-2)/q?
26
Let d(q) = -q**2 + 12*q - 6. Let a(i) = 11*i. Let m be a(1). Let b be d(m). Let h = 3 + b. What is the remainder when 14 is divided by h?
6
Suppose 0 = 4*c - 4*m - 120, 5*c + 15*m = 13*m + 157. Let k = 39 - 28. Calculate the remainder when c is divided by k.
9
Suppose 265 = -3*q + 49. Calculate the remainder when 15 + -2*((-15)/(-5) - 1) is divided by ((-2)/6)/(6/q).
3
Let t(c) = c**3 + 20*c**2 + 19*c + 9. Let k = 10 - 51. Let b = -17 - k. Calculate the remainder when b is divided by t(-19).
6
Suppose 160 = 4*y - 1280. Suppose -4*o + 104 + 193 = j, 5*o = -5*j + y. Calculate the remainder when o is divided by 13.
10
Let f = 15 - 31. Let p(a) be the second derivative of -a**3/6 - 5*a**2 - 6*a. Calculate the remainder when 15 is divided by p(f).
3
Let r(z) = 4*z - 2. Let x be r(-2). Let v(b) = -6*b + 1. Let p be v(1). Calculate the remainder when 40 is divided by 3/p - 146/x.
12
Let b = -92 + 131. Suppose 0 = 35*s - b*s + 216. Suppose -15 = 3*a - s. Calculate the remainder when 23 is divided by a.
10
Let x = 3 + -3. Suppose 3*n + x - 30 = 0. What is the remainder when 55/2 - (-3)/(-6) is divided by n?
7
Suppose 4*v = 5*v - 12. What is the remainder when (-23)/(-115) + (179/5 - 1) is divided by v?
11
Suppose -4*t + 5*t - 10 = 0. Suppose -5*u + 7*